
7, 12329
What are the prime factors of 3721006?
2, 1860503
List the prime factors of 266939.
173, 1543
List the prime factors of 244149.
3, 97, 839
List the prime factors of 584913.
3, 7, 23, 173
What are the prime factors of 1470208?
2, 5743
List the prime factors of 5998674.
2, 3, 11, 97, 937
What are the prime factors of 3358505?
5, 671701
List the prime factors of 5327651.
7, 23, 33091
List the prime factors of 393665.
5, 43, 1831
What are the prime factors of 3301568?
2, 79, 653
List the prime factors of 898835.
5, 7, 61, 421
List the prime factors of 1453138.
2, 37, 73, 269
List the prime factors of 133458.
2, 3, 13, 29, 59
List the prime factors of 10692230.
2, 5, 1069223
List the prime factors of 85505.
5, 7, 349
List the prime factors of 1600615.
5, 157, 2039
List the prime factors of 45574.
2, 22787
List the prime factors of 107066.
2, 17, 47, 67
What are the prime factors of 3777928?
2, 7, 11, 6133
What are the prime factors of 12290227?
12290227
What are the prime factors of 2015933?
2015933
List the prime factors of 6262439.
6262439
What are the prime factors of 339040?
2, 5, 13, 163
List the prime factors of 23843867.
31, 191, 4027
What are the prime factors of 10803564?
2, 3, 167, 599
List the prime factors of 16157463.
3, 7, 17, 45259
What are the prime factors of 2516575?
5, 43, 2341
What are the prime factors of 568179?
3, 63131
What are the prime factors of 509753?
41, 12433
What are the prime factors of 102871?
102871
What are the prime factors of 2110211?
73, 137, 211
What are the prime factors of 153829?
13, 11833
What are the prime factors of 154072?
2, 19259
List the prime factors of 951045.
3, 5, 19, 47, 71
What are the prime factors of 24616938?
2, 3, 4102823
What are the prime factors of 4392646?
2, 1481, 1483
What are the prime factors of 1182339?
3, 131371
List the prime factors of 259106.
2, 129553
List the prime factors of 69073.
69073
List the prime factors of 7412742.
2, 3, 137273
List the prime factors of 532712.
2, 17, 3917
List the prime factors of 18238306.
2, 9119153
List the prime factors of 599994.
2, 3, 41, 271
What are the prime factors of 10776248?
2, 7, 199, 967
What are the prime factors of 462611?
37, 12503
List the prime factors of 2343988.
2, 585997
List the prime factors of 1195065.
3, 5, 26557
List the prime factors of 100539.
3, 11171
List the prime factors of 3749344.
2, 117167
What are the prime factors of 1355987?
1355987
What are the prime factors of 370308?
2, 3, 30859
List the prime factors of 1675460.
2, 5, 83773
List the prime factors of 1025134.
2, 11, 17, 2741
What are the prime factors of 623219?
19, 32801
List the prime factors of 997086.
2, 3, 137, 1213
What are the prime factors of 708418?
2, 354209
What are the prime factors of 2140320?
2, 3, 5, 7, 13
List the prime factors of 3185686.
2, 7, 32507
What are the prime factors of 217313?
217313
List the prime factors of 291928.
2, 7, 13, 401
What are the prime factors of 3000210?
2, 3, 5, 97, 1031
What are the prime factors of 2240378?
2, 7, 22861
List the prime factors of 9610834.
2, 491, 9787
What are the prime factors of 524150?
2, 5, 11, 953
List the prime factors of 35378964.
2, 3, 327583
List the prime factors of 1249050.
2, 3, 5, 11, 757
What are the prime factors of 1320348?
2, 3, 19, 5791
List the prime factors of 400885.
5, 80177
List the prime factors of 3962272.
2, 123821
List the prime factors of 1536096.
2, 3, 16001
List the prime factors of 289608.
2, 3, 11, 1097
List the prime factors of 254412.
2, 3, 37, 191
What are the prime factors of 4839451?
113, 379
List the prime factors of 294643.
47, 6269
What are the prime factors of 679094?
2, 13, 26119
List the prime factors of 270367.
29, 9323
List the prime factors of 4855949.
7, 113, 877
What are the prime factors of 241559?
241559
List the prime factors of 1515099.
3, 505033
List the prime factors of 25316343.
3, 13, 216379
List the prime factors of 6946426.
2, 67, 51839
What are the prime factors of 28351053?
3, 17, 6863
What are the prime factors of 333329?
257, 1297
List the prime factors of 258621.
3, 11, 17, 461
List the prime factors of 1803678.
2, 3, 43, 6991
List the prime factors of 826464.
2, 3, 8609
List the prime factors of 392243.
31, 12653
What are the prime factors of 5507795?
5, 1101559
What are the prime factors of 1868325?
3, 5, 29, 859
What are the prime factors of 16808603?
7, 29, 31, 2671
What are the prime factors of 306082?
2, 7, 21863
List the prime factors of 186275.
5, 7451
List the prime factors of 262707.
3, 67, 1307
List the prime factors of 2833056.
2, 3, 1093
What are the prime factors of 7331821?
7, 149629
What are the prime factors of 1296950?
2, 5, 25939
List the prime factors of 837542.
2, 418771
List the prime factors of 91275.
3, 5, 1217
List the prime factors of 828591.
3, 179, 1543
What are the prime factors of 16501184?
2, 7, 36833
What are the prime factors of 10907915?
5, 29, 75227
What are the prime factors of 76900?
2, 5, 769
List the prime factors of 111499.
43, 2593
List the prime factors of 7694145.
3, 5, 19, 8999
What are the prime factors of 1405996?
2, 313, 1123
List the prime factors of 365459.
31, 11789
List the prime factors of 4946063.
61, 81083
What are the prime factors of 4366310?
2, 5, 13, 33587
List the prime factors of 1095937.
739, 1483
List the prime factors of 1401173.
101, 13873
List the prime factors of 371803.
163, 2281
What are the prime factors of 13969671?
3, 23, 61, 3319
List the prime factors of 5610793.
5610793
What are the prime factors of 10420525?
5, 416821
What are the prime factors of 14770328?
2, 43, 42937
List the prime factors of 473606.
2, 7, 33829
What are the prime factors of 287731?
287731
What are the prime factors of 8290095?
3, 5, 11, 47, 1069
What are the prime factors of 245887?
131, 1877
What are the prime factors of 1464467?
1464467
List the prime factors of 287055.
3, 5, 6379
List the prime factors of 871451.
7, 124493
What are the prime factors of 2860894?
2, 443, 3229
List the prime factors of 7857733.
13, 604441
List the prime factors of 15453272.
2, 17, 37, 83
What are the prime factors of 1262091?
3, 47, 8951
What are the prime factors of 203204?
2, 37, 1373
What are the prime factors of 1860980?
2, 5, 11, 769
List the prime factors of 17371552.
2, 11, 17, 2903
What are the prime factors of 26070?
2, 3, 5, 11, 79
What are the prime factors of 6086933?
6086933
What are the prime factors of 341200?
2, 5, 853
What are the prime factors of 5916354?
2, 3, 401, 2459
What are the prime factors of 613135?
5, 149, 823
List the prime factors of 414969.
3, 138323
What are the prime factors of 204354?
2, 3, 11353
List the prime factors of 3672764.
2, 101, 9091
List the prime factors of 5245013.
5245013
List the prime factors of 2077282.
2, 53, 19597
List the prime factors of 36106.
2, 7, 2579
What are the prime factors of 21976612?
2, 7, 43, 18253
List the prime factors of 415527.
3, 7, 47, 421
What are the prime factors of 12018155?
5, 37, 167, 389
List the prime factors of 1743921.
3, 37, 5237
What are the prime factors of 959259?
3, 7, 17, 2687
List the prime factors of 3085206.
2, 3, 514201
List the prime factors of 7661129.
7, 157, 6971
What are the prime factors of 398523?
3, 71, 1871
List the prime factors of 1238295.
3, 5, 31, 2663
List the prime factors of 33677321.
33677321
List the prime factors of 11677722.
2, 3, 7, 278041
What are the prime factors of 2357112?
2, 3, 98213
List the prime factors of 506458.
2, 253229
List the prime factors of 1849606.
2, 11, 7643
List the prime factors of 638575.
5, 7, 41, 89
List the prime factors of 9138759.
3, 7, 435179
What are the prime factors of 391194?
2, 3, 103, 211
List the prime factors of 7974596.
2, 7, 284807
What are the prime factors of 3485832?
2, 3, 7, 20749
List the prime factors of 426157.
31, 59, 233
What are the prime factors of 762616?
2, 95327
List the prime factors of 440472.
2, 3, 18353
List the prime factors of 2858127.
3, 952709
What are the prime factors of 1079357?
1079357
What are the prime factors of 1653604?
2, 37, 11173
What are the prime factors of 67427?
67427
List the prime factors of 9477478.
2, 41, 2819
List the prime factors of 589698.
2, 3, 181
List the prime factors of 958824.
2, 3, 23, 193
W